{"id":673,"date":"2015-03-01T12:53:52","date_gmt":"2015-03-01T11:53:52","guid":{"rendered":"http:\/\/actualite.potos-acoustiques.fr\/?page_id=673"},"modified":"2021-11-09T10:44:40","modified_gmt":"2021-11-09T09:44:40","slug":"videos","status":"publish","type":"page","link":"https:\/\/actualite.potos-acoustiques.com\/?page_id=673","title":{"rendered":"Vid\u00e9os"},"content":{"rendered":"<p style=\"text-align: left;\"><strong>Koala Studio, Saint Chamas (13) 2018<\/strong> <img loading=\"lazy\" width=\"300\" height=\"169\" class=\"size-medium wp-image-2522 alignleft\" alt=\"\" src=\"http:\/\/actualite.potos-acoustiques.com\/wp-content\/uploads\/2018\/02\/52672_161243240577813_102389_o-300x169.jpg\" srcset=\"https:\/\/actualite.potos-acoustiques.com\/wp-content\/uploads\/2018\/02\/52672_161243240577813_102389_o-300x169.jpg 300w, https:\/\/actualite.potos-acoustiques.com\/wp-content\/uploads\/2018\/02\/52672_161243240577813_102389_o-768x432.jpg 768w, https:\/\/actualite.potos-acoustiques.com\/wp-content\/uploads\/2018\/02\/52672_161243240577813_102389_o-1024x576.jpg 1024w, https:\/\/actualite.potos-acoustiques.com\/wp-content\/uploads\/2018\/02\/52672_161243240577813_102389_o.jpg 1890w\" sizes=\"(max-width: 300px) 100vw, 300px\" \/><a href=\"http:\/\/actualite.potos-acoustiques.com\/wp-content\/uploads\/2018\/05\/20180525_094513.jpg\"><img loading=\"lazy\" width=\"295\" height=\"300\" class=\"alignnone wp-image-2631 size-medium\" alt=\"\" src=\"http:\/\/actualite.potos-acoustiques.com\/wp-content\/uploads\/2018\/05\/20180525_094513-295x300.jpg\" srcset=\"https:\/\/actualite.potos-acoustiques.com\/wp-content\/uploads\/2018\/05\/20180525_094513-295x300.jpg 295w, https:\/\/actualite.potos-acoustiques.com\/wp-content\/uploads\/2018\/05\/20180525_094513-768x782.jpg 768w, https:\/\/actualite.potos-acoustiques.com\/wp-content\/uploads\/2018\/05\/20180525_094513-1005x1024.jpg 1005w\" sizes=\"(max-width: 295px) 100vw, 295px\" \/><\/a><\/p>\n<div class=\"video-container\"><iframe title=\"Les Potos Acoustiques officiel, mars 2018\" width=\"648\" height=\"365\" src=\"https:\/\/www.youtube.com\/embed\/30neazRIKCs?feature=oembed\" frameborder=\"0\" allow=\"accelerometer; autoplay; clipboard-write; encrypted-media; gyroscope; picture-in-picture\" allowfullscreen><\/iframe><\/div>\n<p><img loading=\"lazy\" width=\"300\" height=\"169\" class=\"size-medium wp-image-2522 alignleft\" alt=\"\" src=\"http:\/\/actualite.potos-acoustiques.com\/wp-content\/uploads\/2018\/02\/52672_161243240577813_102389_o-300x169.jpg\" srcset=\"https:\/\/actualite.potos-acoustiques.com\/wp-content\/uploads\/2018\/02\/52672_161243240577813_102389_o-300x169.jpg 300w, https:\/\/actualite.potos-acoustiques.com\/wp-content\/uploads\/2018\/02\/52672_161243240577813_102389_o-768x432.jpg 768w, https:\/\/actualite.potos-acoustiques.com\/wp-content\/uploads\/2018\/02\/52672_161243240577813_102389_o-1024x576.jpg 1024w, https:\/\/actualite.potos-acoustiques.com\/wp-content\/uploads\/2018\/02\/52672_161243240577813_102389_o.jpg 1890w\" sizes=\"(max-width: 300px) 100vw, 300px\" \/><\/p>\n<p><strong>Koala Studio, Saint Chamas (13) 2013&nbsp;&nbsp;&nbsp;&nbsp; <\/strong><a href=\"http:\/\/actualite.potos-acoustiques.com\/wp-content\/uploads\/2015\/03\/CD-d\u00e9mo-d\u00e9dicac\u00e9.jpg\"><img loading=\"lazy\" width=\"400\" height=\"203\" class=\"alignnone wp-image-825\" alt=\"\" src=\"http:\/\/actualite.potos-acoustiques.com\/wp-content\/uploads\/2015\/03\/CD-d\u00e9mo-d\u00e9dicac\u00e9.jpg\" srcset=\"https:\/\/actualite.potos-acoustiques.com\/wp-content\/uploads\/2015\/03\/CD-d\u00e9mo-d\u00e9dicac\u00e9.jpg 753w, https:\/\/actualite.potos-acoustiques.com\/wp-content\/uploads\/2015\/03\/CD-d\u00e9mo-d\u00e9dicac\u00e9-300x152.jpg 300w\" sizes=\"(max-width: 400px) 100vw, 400px\" \/><\/a><\/p>\n<div style=\"width: 640px;\" class=\"wp-video\"><!--[if lt IE 9]><script>document.createElement('video');<\/script><![endif]-->\n<video class=\"wp-video-shortcode\" id=\"video-673-1\" width=\"640\" height=\"360\" preload=\"metadata\" controls=\"controls\"><source type=\"video\/mp4\" src=\"http:\/\/actualite.potos-acoustiques.com\/wp-content\/uploads\/2018\/02\/Koala_studio-mp4.mp4?_=1\" \/><a href=\"http:\/\/actualite.potos-acoustiques.com\/wp-content\/uploads\/2018\/02\/Koala_studio-mp4.mp4\">http:\/\/actualite.potos-acoustiques.com\/wp-content\/uploads\/2018\/02\/Koala_studio-mp4.mp4<\/a><\/video><\/div>\n<p><strong><span style=\"color: rgb(0, 0, 255);\">&nbsp;<\/span><\/strong><\/p>\n","protected":false},"excerpt":{"rendered":"<p>Koala Studio, Saint Chamas (13) 2018 Koala Studio, Saint Chamas (13) 2013&nbsp;&nbsp;&nbsp;&nbsp; &nbsp;<\/p>\n","protected":false},"author":1,"featured_media":0,"parent":0,"menu_order":0,"comment_status":"closed","ping_status":"open","template":"","meta":[],"_links":{"self":[{"href":"https:\/\/actualite.potos-acoustiques.com\/index.php?rest_route=\/wp\/v2\/pages\/673"}],"collection":[{"href":"https:\/\/actualite.potos-acoustiques.com\/index.php?rest_route=\/wp\/v2\/pages"}],"about":[{"href":"https:\/\/actualite.potos-acoustiques.com\/index.php?rest_route=\/wp\/v2\/types\/page"}],"author":[{"embeddable":true,"href":"https:\/\/actualite.potos-acoustiques.com\/index.php?rest_route=\/wp\/v2\/users\/1"}],"replies":[{"embeddable":true,"href":"https:\/\/actualite.potos-acoustiques.com\/index.php?rest_route=%2Fwp%2Fv2%2Fcomments&post=673"}],"version-history":[{"count":74,"href":"https:\/\/actualite.potos-acoustiques.com\/index.php?rest_route=\/wp\/v2\/pages\/673\/revisions"}],"predecessor-version":[{"id":3755,"href":"https:\/\/actualite.potos-acoustiques.com\/index.php?rest_route=\/wp\/v2\/pages\/673\/revisions\/3755"}],"wp:attachment":[{"href":"https:\/\/actualite.potos-acoustiques.com\/index.php?rest_route=%2Fwp%2Fv2%2Fmedia&parent=673"}],"curies":[{"name":"wp","href":"https:\/\/api.w.org\/{rel}","templated":true}]}}